at is the remainder when 29 is divided by r(2)?
5
Suppose -4*w - 52 = 5*i - i, 4*i = 0. Let o = w + 29. What is the remainder when 62 is divided by o?
14
Suppose 0 = -3*c + 78 + 27. Let d = c + -2. Calculate the remainder when d is divided by 12.
9
Let o(q) = q**2 - 3*q - 2. Let p be o(-2). Calculate the remainder when 14 is divided by p + -4 - 3/(-3).
4
Suppose 72 = 2*d - 2*l, -2*l - 92 = -2*d - 4*l. Let v(s) = -s + 32. What is the remainder when d is divided by v(11)?
20
Let x = -124 + 139. What is the remainder when -1 + 2 + 29 + -1 is divided by x?
14
Suppose -86 = -5*m - 3*s, -m + 28 = -0*s - 3*s. What is the remainder when m is divided by 11?
8
Let k = 7 + -6. What is the remainder when k/(-2) + 39/2 is divided by 5?
4
Calculate the remainder when 77 is divided by (10/(-4))/((-2)/32).
37
Suppose 6*w = w + 40. What is the remainder when 14 is divided by w?
6
Suppose 0 = 3*c + 3*x - 429, -3*x + 281 = -c + 3*c. Calculate the remainder when c is divided by 15.
13
Let j = 11 - -1. Calculate the remainder when j is divided by 5.
2
Suppose g - 9 = 64. Suppose -d + 0*d - 3 = 0, 5*d = y - 30. What is the remainder when g is divided by y?
13
Let y = 4 + -2. Calculate the remainder when (1*6 + -2)/y is divided by 2.
0
Suppose 0 = 5*t + 3*v - 64, v + 0 = -4*t + 47. What is the remainder when 63 is divided by t?
8
Let u = -17 - -29. What is the remainder when 58 is divided by u?
10
Suppose o + 2*i - 6*i - 89 = 0, o - 5*i - 91 = 0. What is the remainder when o is divided by 21?
18
Let d(y) = 6*y**3 + 2*y**2 + y. Let j be d(-1). Let t be 1*2 + j/1. Let i = t - -20. Calculate the remainder when i is divided by 9.
8
Let o = 10 + -45. Suppose 0 = -2*z - 0*z + 4, -5*m - z = 268. Let n = o - m. Calculate the remainder when n is divided by 10.
9
Let l(v) = -2 + 1 + 1 + 1 + v. Calculate the remainder when 12 is divided by l(4).
2
Let t be (-4)/(-3)*(-81)/(-18). Calculate the remainder when ((-2)/t)/((-2)/24) is divided by 2.
0
Suppose 8 = 2*b - 5*p, 0*b - 4*p - 20 = -5*b. Let n = 4 - -2. What is the remainder when n is divided by b?
2
Calculate the remainder when ((12/8)/(-3))/((-2)/168) is divided by 22.
20
Let f = -233 - -268. Let q(p) = 9*p**3. Calculate the remainder when f is divided by q(1).
8
Suppose 0*g - g + 30 = 0. Calculate the remainder when g is divided by -1 - 5/(-6) - 97/(-6).
14
Let o = 3 + -3. Suppose -l + 0*l + 11 = o. Suppose 4*z + 3*t - 10 = 3*z, -z + 2*t = 0. What is the remainder when l is divided by z?
3
Let z(m) = 4*m - 1. Let y(k) = -k**2 + 7*k - 2. Let l(n) = -4*y(n) + 7*z(n). Calculate the remainder when l(1) is divided by 3.
2
Suppose j + 2*j + 3*o - 300 = 0, -5*o + 203 = 2*j. What is the remainder when j is divided by 25?
24
Suppose -2*w - 2*y = -2 + 8, 3*w = 5*y + 31. Suppose -3*a + 75 = v, -4*a - 3*v + w*v + 100 = 0. What is the remainder when a is divided by 9?
7
Suppose -t + 4 = -9. Let r = -4 + t. What is the remainder when 17 is divided by r?
8
Let o = 3 - -6. What is the remainder when 24 is divided by o?
6
Let z(c) = c**3 + 2*c**2 + 2*c + 3. Let d = 1 - 3. Let n be z(d). Let f(r) = -2*r**3 - r - 1. Calculate the remainder when 3 is divided by f(n).
1
Suppose 0*i - 23 = -i. Let m be -1 + (43 - -1) - -2. Calculate the remainder when i is divided by (-148)/(-18) - 10/m.
7
Let n be 2/(1/(-1))*-2. Suppose 84 = 3*v + 2*c, -5 - 7 = n*c. Suppose -4*s = 2*z - 62, 2*s + 2*z = -s + 46. What is the remainder when v is divided by s?
14
Let j = 7 + -6. Calculate the remainder when (-5 - -2)*(0 + -1) is divided by j.
0
Let p = 270 + -181. Calculate the remainder when p is divided by 31.
27
Let f = 15 - 19. Calculate the remainder when (-2 - f)*(-9)/(-2) is divided by 3.
0
Let g = -72 + 76. Suppose -7 = -2*n + 13. What is the remainder when n is divided by g?
2
Suppose 0*t + i - 2 = -5*t, 0 = -4*t - 2*i + 4. Let m(j) = -j**3 + 8*j**2 + 12. Calculate the remainder when t + 1 + (-33)/(-1) is divided by m(8).
10
Suppose -3*o + 5*r + 256 = 0, -5*o + 332 = -o - 2*r. Calculate the remainder when o is divided by 28.
26
Calculate the remainder when 23 is divided by (24/10)/(5/25).
11
Let d = 3 + 0. What is the remainder when 81/3*1/3 is divided by d?
0
Let r(l) = 19*l + 4. What is the remainder when r(5) is divided by 34?
31
Let t be (-3 - 0) + 1 + 4. Suppose 3*k + t*z = 3*z + 16, 0 = k + z - 12. Let y(d) = 4*d**2 - 1. Calculate the remainder when k is divided by y(1).
1
Let j be (26/(-6))/(1/(-3)). Suppose -3 + 15 = -4*o. Calculate the remainder when 38 is divided by (o - -6)*j/3.
12
Suppose -4*m + 120 = 2*y, y - 2*y + 64 = 3*m. What is the remainder when y is divided by 7?
3
Calculate the remainder when (2940/(-90))/(4/(-6)) is divided by 17.
15
Suppose 3*l + 56 = 2*s, 2*s - 5*s + 2*l + 79 = 0. Suppose r + 3*r + 4*z - 52 = 0, -2*r = 3*z - s. What is the remainder when 40 is divided by r?
12
Let g = -209 - -351. Calculate the remainder when g is divided by 16.
14
Suppose -6*s = -3*s - 33. Let g = -79 + 85. Calculate the remainder when s is divided by g.
5
Let u(j) = j**2 - 2*j - 2. Let c be u(4). Suppose 0 = -k + z + 46, 2*z = c*k - k - 230. Calculate the remainder when k is divided by 16.
14
Suppose -5*x - 4*n = -268, -n + 2*n = x - 50. Calculate the remainder when x is divided by 14.
10
Let l(p) = -p**2 + 6*p + 3. Calculate the remainder when l(4) is divided by 0 - (3 + 1)*-1.
3
Suppose 3*c = -2*o - 2*c + 11, 5*c - 8 = -o. Let z(r) = -r**3 + 7*r**2 + 3. Let v be z(7). Let a = v + 4. Calculate the remainder when a is divided by o.
1
Let n = -2 - -2. Suppose -5*q = 3*y - 17, -q - q = y - 6. Suppose -4*r + 2*r + 5*h + 17 = n, 0 = 5*r + y*h - 92. What is the remainder when 31 is divided by r?
15
Let q = -147 - -152. What is the remainder when 57 is divided by q?
2
Let g(y) = -y**2 - 16*y - 12. Calculate the remainder when 125 is divided by g(-14).
13
Suppose 5*q - 4*b = 263, 4*q + 2*b - 173 - 27 = 0. Calculate the remainder when q is divided by (26/3)/(4/6).
12
Let h(j) = 3*j**2 - 6*j. Let q = 15 + -10. What is the remainder when h(q) is divided by 12?
9
Let h = 38 - 20. Suppose -3*v + 1100 = 2*v. Suppose 5*i = -4*b + 249, -6*i + 2*i + v = -2*b. Calculate the remainder when i is divided by h.
17
Let g(i) = i**3 - 7*i**2 + i. Let v be g(7). Let q(z) = 10*z**3 + z. What is the remainder when 18 + v + -2 + -2 is divided by q(1)?
10
Let o be 48/(-22) + (-2)/(-11). Let w be 2*(o + (-9)/(-2)). Suppose w*i - 60 = i. Calculate the remainder when 28 is divided by i.
13
Calculate the remainder when 5/(105/532)*(-6)/(-4) is divided by 13.
12
Let i(d) = -3*d + 19 + 2*d - 8. Let c be i(7). Suppose 0 = c*x - 31 + 3. What is the remainder when 20 is divided by x?
6
Let y(t) = t**2 - 4*t - 2. Let l be y(4). What is the remainder when 2 + (-177)/(-5 - l) is divided by 21?
19
Calculate the remainder when (-41)/(-6)*-2*306/(-51) is divided by 21.
19
Let m(a) = a**2 - 7*a - 10. Let q be m(10). Suppose n + 3*n = q. What is the remainder when 8 is divided by n?
3
Suppose 49*b - 46*b - 57 = 0. What is the remainder when 130 is divided by b?
16
Let c = 14 + -9. Suppose -c*p = -0*p - 20. What is the remainder when 30 is divided by (p - 2)*-8*-1?
14
Suppose 0 = -t + 2*x - 4*x + 6, 0 = 4*t - 5*x - 11. Suppose 4*l + 5*i - 35 = 0, 50 = 4*l + 2*i - 0*i. What is the remainder when t is divided by 20/l*6/4?
0
Suppose 0 = -4*r + 4*b + 88, 5*r + 0*b + 4*b - 74 = 0. Calculate the remainder when 250 is divided by r.
16
Suppose s - 13 = 5*f, 3*s + 1 = 5*f + 10. Let l(d) = -3*d**3 - 3*d**2 + 5*d + 7. What is the remainder when l(f) is divided by 16?
14
Suppose 4*z - 26 - 42 = 0. Suppose 2*m = 3*m - z. Let b = 19 - 10. What is the remainder when m is divided by b?
8
Suppose -70*j - 50 = -80*j. Let x be (-2)/(-8) - (-3)/4. What is the remainder when (0 + x)/(-1) + 13 is divided by j?
2
Let s(z) = 30*z**3 - 2*z + 1. What is the remainder when s(1) is divided by (12 - -3 - 2) + -3?
9
Suppose 1 = 3*u - 14. Calculate the remainder when u is divided by ((-1)/1 - -4)/(42/56).
1
Suppose 2*r + 2*t = 0, -5*r + 0*r - 4 = 4*t. Let h = -2 - r. What is the remainder when 4 is divided by h?
0
Suppose -2*w + 18 + 24 = 0. Calculate the remainder when (-2)/(((-9)/w)/3) is divided by 8.
6
Let x = -6 - -21. What is the remainder when 26 is divided by x?
11
Let x = -11 - -36. Calculate the remainder w